{"id":391,"date":"2023-05-04T20:21:03","date_gmt":"2023-05-04T20:21:03","guid":{"rendered":"https:\/\/trekon.qodeinteractive.com\/?page_id=391"},"modified":"2026-01-05T10:51:27","modified_gmt":"2026-01-05T10:51:27","slug":"main-home","status":"publish","type":"page","link":"https:\/\/challenge-delhalle.be\/","title":{"rendered":"Accueil"},"content":{"rendered":"\t\t<div data-elementor-type=\"wp-page\" data-elementor-id=\"391\" class=\"elementor elementor-391\">\n\t\t\t\t\t\t<section class=\"elementor-section elementor-top-section elementor-element elementor-element-12e6cbf elementor-section-full_width elementor-section-height-default elementor-section-height-default\" data-id=\"12e6cbf\" data-element_type=\"section\" data-settings=\"{&quot;background_background&quot;:&quot;classic&quot;}\">\n\t\t\t\t\t\t<div class=\"elementor-container elementor-column-gap-default\">\n\t\t\t\t\t<div class=\"elementor-column elementor-col-100 elementor-top-column elementor-element elementor-element-cb8b4f3\" data-id=\"cb8b4f3\" data-element_type=\"column\">\n\t\t\t<div class=\"elementor-widget-wrap elementor-element-populated\">\n\t\t\t\t\t\t<div class=\"elementor-element elementor-element-2d5e996 elementor-widget elementor-widget-slider_revolution\" data-id=\"2d5e996\" data-element_type=\"widget\" data-widget_type=\"slider_revolution.default\">\n\t\t\t\t\t\n\t\t<div class=\"wp-block-themepunch-revslider\">\n\t\t\t\t<p class=\"rs-p-wp-fix\"><\/p>\n\t\t\t\t<sr7-module data-alias=\"Main-home\" data-id=\"6\" id=\"SR7_6_1\" class=\"rs-ov-hidden\" data-version=\"6.7.32\">\n\t\t\t\t\t<sr7-adjuster><\/sr7-adjuster>\n\t\t\t\t\t<sr7-content>\n\t\t\t\t\t\t<sr7-slide id=\"SR7_6_1-12\" data-key=\"12\">\n\t\t\t\t\t\t\t<sr7-bg id=\"SR7_6_1-12-4\" class=\"sr7-layer\"><noscript><img decoding=\"async\" src=\"https:\/\/challenge-delhalle.be\/wp-content\/uploads\/2025\/09\/Delhalle3_Image1.jpg\" alt=\"\" title=\"Delhalle3_Image1\"><\/noscript><\/sr7-bg>\n\t\t\t\t\t\t\t<sr7-txt id=\"SR7_6_1-12-2\" class=\"sr7-layer\">Le Challenge<br \/>\ndes courses<br \/>\nnature<\/sr7-txt>\n\t\t\t\t\t\t<\/sr7-slide>\n\t\t\t\t\t\t<sr7-slide id=\"SR7_6_1-13\" data-key=\"13\">\n\t\t\t\t\t\t\t<sr7-bg id=\"SR7_6_1-13-7\" class=\"sr7-layer\"><noscript><img decoding=\"async\" src=\"https:\/\/challenge-delhalle.be\/wp-content\/uploads\/2025\/09\/KBETVVKBBNB5DPLVP2FE3HLF7A.jpg\" alt=\"\" title=\"KBETVVKBBNB5DPLVP2FE3HLF7A\"><\/noscript><\/sr7-bg>\n\t\t\t\t\t\t\t<sr7-txt id=\"SR7_6_1-13-0\" class=\"sr7-layer\">CALENDRIER 2026 <\/sr7-txt>\n\t\t\t\t\t\t\t<a id=\"SR7_6_1-13-6\" class=\"sr7-layer\" href=\"\/index.php\/agenda-2026\/\" target=\"_self\">Voir le calendrier <i class=\"fa-chevron-right\"><\/i><\/a>\n\t\t\t\t\t\t<\/sr7-slide>\n\t\t\t\t\t\t<sr7-slide id=\"SR7_6_1-43\" data-key=\"43\">\n\t\t\t\t\t\t<\/sr7-slide>\n\t\t\t\t\t<\/sr7-content>\n\t\t\t\t\t<image_lists style=\"display:none\">\n\t\t\t\t\t\t<img data-src=\"\/\/challenge-delhalle.be\/wp-content\/uploads\/2025\/11\/logoCD-01.png\" data-libid=\"8596\" data-lib=\"medialibrary\" title=\"logoCD-01\" width=\"0\" height=\"0\" data-dbsrc=\"Ly9jaGFsbGVuZ2UtZGVsaGFsbGUuYmUvd3AtY29udGVudC91cGxvYWRzLzIwMjUvMTEvbG9nb0NELTAxLnBuZw==\"\/>\n\t\t\t\t\t\t<img data-src=\"\/\/challenge-delhalle.be\/wp-content\/uploads\/2025\/09\/Delhalle3_Image1.jpg\" data-libid=\"8593\" data-lib=\"medialibrary\" title=\"Delhalle3_Image1\" width=\"0\" height=\"0\" data-dbsrc=\"Ly9jaGFsbGVuZ2UtZGVsaGFsbGUuYmUvd3AtY29udGVudC91cGxvYWRzLzIwMjUvMDkvRGVsaGFsbGUzX0ltYWdlMS5qcGc=\"\/>\n\t\t\t\t\t\t<img data-src=\"\/\/challenge-delhalle.be\/wp-content\/uploads\/2025\/11\/logoCD_2025-01.png\" data-libid=\"8597\" data-lib=\"medialibrary\" title=\"logoCD_2025-01\" width=\"0\" height=\"0\" data-dbsrc=\"Ly9jaGFsbGVuZ2UtZGVsaGFsbGUuYmUvd3AtY29udGVudC91cGxvYWRzLzIwMjUvMTEvbG9nb0NEXzIwMjUtMDEucG5n\"\/>\n\t\t\t\t\t\t<img loading=\"lazy\" data-src=\"\/\/challenge-delhalle.be\/wp-content\/uploads\/2025\/09\/KBETVVKBBNB5DPLVP2FE3HLF7A.jpg\" data-libid=\"8591\" data-lib=\"medialibrary\" title=\"KBETVVKBBNB5DPLVP2FE3HLF7A\" width=\"0\" height=\"0\" data-dbsrc=\"Ly9jaGFsbGVuZ2UtZGVsaGFsbGUuYmUvd3AtY29udGVudC91cGxvYWRzLzIwMjUvMDkvS0JFVFZWS0JCTkI1RFBMVlAyRkUzSExGN0EuanBn\"\/>\n\t\t\t\t\t\t<img loading=\"lazy\" data-src=\"\/\/challengedelhalle.ovh\/wp-content\/uploads\/2025\/09\/22OATAY65FH5VPS4AZVTMYOUFY.jpg\" data-libid=\"8594\" data-lib=\"medialibrary\" title=\"22OATAY65FH5VPS4AZVTMYOUFY\" width=\"0\" height=\"0\" data-dbsrc=\"Ly9jaGFsbGVuZ2VkZWxoYWxsZS5vdmgvd3AtY29udGVudC91cGxvYWRzLzIwMjUvMDkvMjJPQVRBWTY1Rkg1VlBTNEFaVlRNWU9VRlkuanBn\"\/>\n\t\t\t\t\t<\/image_lists>\n\t\t\t\t<\/sr7-module>\n\t\t\t\t<script>\n\t\t\t\t\tSR7.PMH ??={}; SR7.PMH[\"SR7_6_1\"] = {cn:100,state:false,fn: function() { if (_tpt!==undefined && _tpt.prepareModuleHeight !== undefined) {  _tpt.prepareModuleHeight({id:\"SR7_6_1\",el:[650,650,650,550,500],type:'standard',shdw:'0',gh:[650,650,650,550,500],gw:[1240,1240,1240,778,480],vpt:['-100px&#039;,&#039;-100px&#039;,&#039;-100px&#039;,&#039;-100px&#039;,&#039;-100px'],size:{fullWidth:true, fullHeight:false},mh:'0',onh:0,onw:0,bg:{color:'{\"orig\":\"transparent\",\"type\":\"solid\",\"string\":\"transparent\"}'}});   SR7.PMH[\"SR7_6_1\"].state=true;} else if(SR7.PMH[\"SR7_6_1\"].cn-->0)\tsetTimeout( SR7.PMH[\"SR7_6_1\"].fn,19);}};SR7.PMH[\"SR7_6_1\" ].fn();\n\t\t\t\t<\/script>\n<\/div>\n\n\t\t\t\t\t\t<\/div>\n\t\t<div class=\"elementor-element elementor-element-6e55e4f e-flex e-con-boxed e-con e-parent\" data-id=\"6e55e4f\" data-element_type=\"container\" data-settings=\"{&quot;background_background&quot;:&quot;gradient&quot;}\">\n\t\t\t\t\t<div class=\"e-con-inner\">\n\t\t\t\t<div class=\"elementor-element elementor-element-21d001f elementor-widget__width-inherit elementor-widget elementor-widget-qi_addons_for_elementor_blog_list\" data-id=\"21d001f\" data-element_type=\"widget\" data-widget_type=\"qi_addons_for_elementor_blog_list.default\">\n\t\t\t\t<div class=\"elementor-widget-container\">\n\t\t\t\t\t<div class=\"qodef-shortcode qodef-m qodef-addons-blog-list qodef-info-no-icons qodef-image--hover-zoom qodef-qi-grid qodef-layout--qi-columns qodef-col-num--3 qodef-item-layout--date-boxed qodef-responsive--predefined\" >\n\t<div class=\"qodef-grid-inner\">\n\t\t<article class=\"qodef-e qodef-blog-item qodef-grid-item qodef-item--custom post-9533 post type-post status-publish format-standard has-post-thumbnail hentry category-challenge\">\n\t<div class=\"qodef-e-inner\">\n\t\t<div class=\"qodef-e-media-holder\">\n\t\t\t<div class=\"qodef-e-media\">\n\t\t<div class=\"qodef-e-media-image\">\n\t\t<a itemprop=\"url\" href=\"https:\/\/challenge-delhalle.be\/index.php\/2026\/04\/12\/rund-um-den-see-a-butgenbach-le-samedi-25-avril\/\">\n\t\t\t<img loading=\"lazy\" decoding=\"async\" src=\"https:\/\/challenge-delhalle.be\/wp-content\/uploads\/2026\/04\/image-4-400x250.jpg\" alt=\"\" width=\"400\" height=\"250\" \/>\t\t<\/a>\n\t\t\t<\/div>\n<\/div>\n<div itemprop=\"dateCreated\" class=\"qodef-e-info-item qodef-e-info-date entry-date \">\n\t<a itemprop=\"url\" href=\"https:\/\/challenge-delhalle.be\/index.php\/2026\/04\/\">\n\t\t12 Avr\t<\/a>\n<\/div>\n\t\t<\/div>\n\t\t<div class=\"qodef-e-content\">\n\t\t\t\t\t\t\t<div class=\"qodef-e-info qodef-info--top\">\n\t\t\t\t\t\t\t\t\t<\/div>\n\t\t\t\t\t\t<div class=\"qodef-e-text\">\n\t\t\t\t<h4 itemprop=\"name\" class=\"qodef-e-title entry-title\">\n\t<a itemprop=\"url\" class=\"qodef-e-title-link\" href=\"https:\/\/challenge-delhalle.be\/index.php\/2026\/04\/12\/rund-um-den-see-a-butgenbach-le-samedi-25-avril\/\">\n\t\t#Rund um den See \u00e0 B\u00fctgenbach le samedi 25 avril\t<\/a>\n<\/h4>\n\t\t<p itemprop=\"description\" class=\"qodef-e-excerpt\">\n\t\t\t#Delhalle n\u00b0 6\/14 #B\u00fctgenbach\u00a0\ud83c\udf32\ud83c\udf32 #Rund um den See #Un magnifique semi-marathon&nbsp;\ud83d\udea3\u200d\u2640\ufe0f\ud83d\udea3\u200d\u2640\ufe0f\ufe0f #4\ufe0f\u20e36\ufe0f\u20e3e \u00e9dition #\t\t<\/p>\n\t\t\t\t<\/div>\n\t\t\t\t\t\t\t<div class=\"qodef-e-info qodef-info--bottom\">\n\t\t\t\t\t\t<div class=\"qodef-e-read-more\">\n\t\t<a class=\"qodef-shortcode qodef-m qodef-qi-button qodef-html--link qodef-layout--outlined qodef-type--icon-boxed qodef-size--small qodef-icon--right qodef-hover--icon-move-horizontal-short qodef-text-underline qodef-underline--left\" href=\"https:\/\/challenge-delhalle.be\/index.php\/2026\/04\/12\/rund-um-den-see-a-butgenbach-le-samedi-25-avril\/\" target=\"_self\">\t<span class=\"qodef-m-text\">Lire la suite<\/span>\t<\/a>\t<\/div>\n\t\t\t\t<\/div>\n\t\t\t\t\t<\/div>\n\t<\/div>\n<\/article>\n<article class=\"qodef-e qodef-blog-item qodef-grid-item qodef-item--custom post-9418 post type-post status-publish format-standard has-post-thumbnail hentry category-challenge\">\n\t<div class=\"qodef-e-inner\">\n\t\t<div class=\"qodef-e-media-holder\">\n\t\t\t<div class=\"qodef-e-media\">\n\t\t<div class=\"qodef-e-media-image\">\n\t\t<a itemprop=\"url\" href=\"https:\/\/challenge-delhalle.be\/index.php\/2026\/01\/10\/resister\/\">\n\t\t\t<img loading=\"lazy\" decoding=\"async\" src=\"https:\/\/challenge-delhalle.be\/wp-content\/uploads\/2026\/01\/473809920_1179700097361682_2239222215628333697_n-400x250.jpg\" alt=\"\" width=\"400\" height=\"250\" \/>\t\t<\/a>\n\t\t\t<\/div>\n<\/div>\n<div itemprop=\"dateCreated\" class=\"qodef-e-info-item qodef-e-info-date entry-date \">\n\t<a itemprop=\"url\" href=\"https:\/\/challenge-delhalle.be\/index.php\/2026\/01\/\">\n\t\t10 Jan\t<\/a>\n<\/div>\n\t\t<\/div>\n\t\t<div class=\"qodef-e-content\">\n\t\t\t\t\t\t\t<div class=\"qodef-e-info qodef-info--top\">\n\t\t\t\t\t\t\t\t\t<\/div>\n\t\t\t\t\t\t<div class=\"qodef-e-text\">\n\t\t\t\t<h4 itemprop=\"name\" class=\"qodef-e-title entry-title\">\n\t<a itemprop=\"url\" class=\"qodef-e-title-link\" href=\"https:\/\/challenge-delhalle.be\/index.php\/2026\/01\/10\/resister\/\">\n\t\tR\u00e9sister !\t<\/a>\n<\/h4>\n\t\t\t<\/div>\n\t\t\t\t\t\t\t<div class=\"qodef-e-info qodef-info--bottom\">\n\t\t\t\t\t\t<div class=\"qodef-e-read-more\">\n\t\t<a class=\"qodef-shortcode qodef-m qodef-qi-button qodef-html--link qodef-layout--outlined qodef-type--icon-boxed qodef-size--small qodef-icon--right qodef-hover--icon-move-horizontal-short qodef-text-underline qodef-underline--left\" href=\"https:\/\/challenge-delhalle.be\/index.php\/2026\/01\/10\/resister\/\" target=\"_self\">\t<span class=\"qodef-m-text\">Lire la suite<\/span>\t<\/a>\t<\/div>\n\t\t\t\t<\/div>\n\t\t\t\t\t<\/div>\n\t<\/div>\n<\/article>\n<article class=\"qodef-e qodef-blog-item qodef-grid-item qodef-item--custom post-9334 post type-post status-publish format-standard has-post-thumbnail hentry category-challenge\">\n\t<div class=\"qodef-e-inner\">\n\t\t<div class=\"qodef-e-media-holder\">\n\t\t\t<div class=\"qodef-e-media\">\n\t\t<div class=\"qodef-e-media-image\">\n\t\t<a itemprop=\"url\" href=\"https:\/\/challenge-delhalle.be\/index.php\/2025\/12\/31\/in-case-of-emergency-run-wild-stay-safe\/\">\n\t\t\t<img loading=\"lazy\" decoding=\"async\" src=\"https:\/\/challenge-delhalle.be\/wp-content\/uploads\/2025\/12\/Capture-decran-2026-01-02-a-09.15.47-400x250.png\" alt=\"\" width=\"400\" height=\"250\" \/>\t\t<\/a>\n\t\t\t<\/div>\n<\/div>\n<div itemprop=\"dateCreated\" class=\"qodef-e-info-item qodef-e-info-date entry-date \">\n\t<a itemprop=\"url\" href=\"https:\/\/challenge-delhalle.be\/index.php\/2025\/12\/\">\n\t\t31 D\u00e9c\t<\/a>\n<\/div>\n\t\t<\/div>\n\t\t<div class=\"qodef-e-content\">\n\t\t\t\t\t\t\t<div class=\"qodef-e-info qodef-info--top\">\n\t\t\t\t\t\t\t\t\t<\/div>\n\t\t\t\t\t\t<div class=\"qodef-e-text\">\n\t\t\t\t<h4 itemprop=\"name\" class=\"qodef-e-title entry-title\">\n\t<a itemprop=\"url\" class=\"qodef-e-title-link\" href=\"https:\/\/challenge-delhalle.be\/index.php\/2025\/12\/31\/in-case-of-emergency-run-wild-stay-safe\/\">\n\t\tin Case of Emergency : run wild, stay safe\t<\/a>\n<\/h4>\n\t\t<p itemprop=\"description\" class=\"qodef-e-excerpt\">\n\t\t\tUne derni\u00e8re nouveaut\u00e9 2026 \u00e0 vous annoncer en 2025.   inCaseofEmergency.eu est fier d\u2019accompagner le Challenge Delhalle.\t\t<\/p>\n\t\t\t\t<\/div>\n\t\t\t\t\t\t\t<div class=\"qodef-e-info qodef-info--bottom\">\n\t\t\t\t\t\t<div class=\"qodef-e-read-more\">\n\t\t<a class=\"qodef-shortcode qodef-m qodef-qi-button qodef-html--link qodef-layout--outlined qodef-type--icon-boxed qodef-size--small qodef-icon--right qodef-hover--icon-move-horizontal-short qodef-text-underline qodef-underline--left\" href=\"https:\/\/challenge-delhalle.be\/index.php\/2025\/12\/31\/in-case-of-emergency-run-wild-stay-safe\/\" target=\"_self\">\t<span class=\"qodef-m-text\">Lire la suite<\/span>\t<\/a>\t<\/div>\n\t\t\t\t<\/div>\n\t\t\t\t\t<\/div>\n\t<\/div>\n<\/article>\n<article class=\"qodef-e qodef-blog-item qodef-grid-item qodef-item--custom post-4390 post type-post status-publish format-standard has-post-thumbnail hentry category-challenge\">\n\t<div class=\"qodef-e-inner\">\n\t\t<div class=\"qodef-e-media-holder\">\n\t\t\t<div class=\"qodef-e-media\">\n\t\t<div class=\"qodef-e-media-image\">\n\t\t<a itemprop=\"url\" href=\"https:\/\/challenge-delhalle.be\/index.php\/2025\/09\/30\/sinscrire-au-challenge-delhalle-2026\/\">\n\t\t\t<img loading=\"lazy\" decoding=\"async\" src=\"https:\/\/challenge-delhalle.be\/wp-content\/uploads\/2023\/05\/programme-2026-400x250.jpg\" alt=\"\" width=\"400\" height=\"250\" \/>\t\t<\/a>\n\t\t\t<\/div>\n<\/div>\n<div itemprop=\"dateCreated\" class=\"qodef-e-info-item qodef-e-info-date entry-date \">\n\t<a itemprop=\"url\" href=\"https:\/\/challenge-delhalle.be\/index.php\/2025\/09\/\">\n\t\t30 Sep\t<\/a>\n<\/div>\n\t\t<\/div>\n\t\t<div class=\"qodef-e-content\">\n\t\t\t\t\t\t\t<div class=\"qodef-e-info qodef-info--top\">\n\t\t\t\t\t\t\t\t\t<\/div>\n\t\t\t\t\t\t<div class=\"qodef-e-text\">\n\t\t\t\t<h4 itemprop=\"name\" class=\"qodef-e-title entry-title\">\n\t<a itemprop=\"url\" class=\"qodef-e-title-link\" href=\"https:\/\/challenge-delhalle.be\/index.php\/2025\/09\/30\/sinscrire-au-challenge-delhalle-2026\/\">\n\t\tS&rsquo;inscrire au Challenge Delhalle 2026\t<\/a>\n<\/h4>\n\t\t<p itemprop=\"description\" class=\"qodef-e-excerpt\">\n\t\t\t14 organisations et 37 courses ; Du 25 janvier au 18 octobre ; Quelques nouveaut\u00e9s ; 6 courses, peu importe la distance, et il y a classement !\t\t<\/p>\n\t\t\t\t<\/div>\n\t\t\t\t\t\t\t<div class=\"qodef-e-info qodef-info--bottom\">\n\t\t\t\t\t\t<div class=\"qodef-e-read-more\">\n\t\t<a class=\"qodef-shortcode qodef-m qodef-qi-button qodef-html--link qodef-layout--outlined qodef-type--icon-boxed qodef-size--small qodef-icon--right qodef-hover--icon-move-horizontal-short qodef-text-underline qodef-underline--left\" href=\"https:\/\/challenge-delhalle.be\/index.php\/2025\/09\/30\/sinscrire-au-challenge-delhalle-2026\/\" target=\"_self\">\t<span class=\"qodef-m-text\">Lire la suite<\/span>\t<\/a>\t<\/div>\n\t\t\t\t<\/div>\n\t\t\t\t\t<\/div>\n\t<\/div>\n<\/article>\n\t<\/div>\n\t<\/div>\n\t\t\t\t<\/div>\n\t\t\t\t<\/div>\n\t\t\t\t\t<\/div>\n\t\t\t\t<\/div>\n\t\t\t\t\t<\/div>\n\t\t<\/div>\n\t\t\t\t\t<\/div>\n\t\t<\/section>\n\t\t<div class=\"elementor-element elementor-element-dbcf4c2 e-flex e-con-boxed e-con e-parent\" data-id=\"dbcf4c2\" data-element_type=\"container\" data-settings=\"{&quot;background_background&quot;:&quot;classic&quot;}\">\n\t\t\t\t\t<div class=\"e-con-inner\">\n\t\t\t\t<div class=\"elementor-element elementor-element-5170edf elementor-widget elementor-widget-heading\" data-id=\"5170edf\" data-element_type=\"widget\" data-widget_type=\"heading.default\">\n\t\t\t\t\t<h2 class=\"elementor-heading-title elementor-size-default\">Ils nous soutiennent !  Merci \u00e0 eux !<\/h2>\t\t\t\t<\/div>\n\t\t\t\t\t<\/div>\n\t\t\t\t<\/div>\n\t\t<div class=\"elementor-element elementor-element-8242c5b e-con-full e-flex e-con e-parent\" data-id=\"8242c5b\" data-element_type=\"container\" data-settings=\"{&quot;background_background&quot;:&quot;classic&quot;}\">\n\t\t\t\t<div class=\"elementor-element elementor-element-e0759f7 elementor-widget elementor-widget-trekon_core_clients_list\" data-id=\"e0759f7\" data-element_type=\"widget\" data-widget_type=\"trekon_core_clients_list.default\">\n\t\t\t\t<div class=\"elementor-widget-container\">\n\t\t\t\t\t<div class=\"qodef-shortcode qodef-m qodef-clients-list qodef-grid qodef-layout--columns qodef-col-num--5 qodef-item-layout--image-only qodef-responsive--predefined qodef-swiper--show-pagination qodef-hover-animation--fade-in\" >\n\t<div class=\"qodef-grid-inner\">\n\t\t<span class=\"qodef-e qodef-grid-item\" >\n\t<span class=\"qodef-e-inner\">\n\t\t\t<span class=\"qodef-e-image\">\n\t\t\t\t\t\t\t\t\t\t\t<span class=\"qodef-e-logo\">\n\t\t\t\t\t\t\t\t\t\t\t<img loading=\"lazy\" decoding=\"async\" width=\"500\" height=\"500\" src=\"https:\/\/challenge-delhalle.be\/wp-content\/uploads\/2026\/02\/emergency.jpg\" class=\"attachment-full size-full\" alt=\"\" srcset=\"https:\/\/challenge-delhalle.be\/wp-content\/uploads\/2026\/02\/emergency.jpg 500w, https:\/\/challenge-delhalle.be\/wp-content\/uploads\/2026\/02\/emergency-300x300.jpg 300w, https:\/\/challenge-delhalle.be\/wp-content\/uploads\/2026\/02\/emergency-150x150.jpg 150w\" sizes=\"(max-width: 500px) 100vw, 500px\" \/>\t\t\t\t\t\t\t\t\t<\/span>\n\t\t\t\t\t\t\t\t\t\t\t\t\t<span class=\"qodef-e-hover-logo\">\n\t\t\t\t\t\t\t\t\t\t\t<img loading=\"lazy\" decoding=\"async\" width=\"500\" height=\"500\" src=\"https:\/\/challenge-delhalle.be\/wp-content\/uploads\/2026\/02\/emergency.jpg\" class=\"attachment-full size-full\" alt=\"\" srcset=\"https:\/\/challenge-delhalle.be\/wp-content\/uploads\/2026\/02\/emergency.jpg 500w, https:\/\/challenge-delhalle.be\/wp-content\/uploads\/2026\/02\/emergency-300x300.jpg 300w, https:\/\/challenge-delhalle.be\/wp-content\/uploads\/2026\/02\/emergency-150x150.jpg 150w\" sizes=\"(max-width: 500px) 100vw, 500px\" \/>\t\t\t\t\t\t\t\t\t<\/span>\n\t\t\t\t\t\t\t\t\t<\/span>\n\t<\/span>\n<\/span>\n<span class=\"qodef-e qodef-grid-item\" >\n\t<span class=\"qodef-e-inner\">\n\t\t\t<span class=\"qodef-e-image\">\n\t\t\t\t\t<a itemprop=\"url\" href=\"#\" target=\"_blank\">\n\t\t\t\t\t\t\t\t\t\t\t<span class=\"qodef-e-logo\">\n\t\t\t\t\t\t\t\t\t\t\t<img loading=\"lazy\" decoding=\"async\" width=\"500\" height=\"500\" src=\"https:\/\/challenge-delhalle.be\/wp-content\/uploads\/2023\/05\/406027903_839180958208687_452105863989825143_n-1.jpg\" class=\"attachment-full size-full\" alt=\"\" srcset=\"https:\/\/challenge-delhalle.be\/wp-content\/uploads\/2023\/05\/406027903_839180958208687_452105863989825143_n-1.jpg 500w, https:\/\/challenge-delhalle.be\/wp-content\/uploads\/2023\/05\/406027903_839180958208687_452105863989825143_n-1-300x300.jpg 300w, https:\/\/challenge-delhalle.be\/wp-content\/uploads\/2023\/05\/406027903_839180958208687_452105863989825143_n-1-150x150.jpg 150w\" sizes=\"(max-width: 500px) 100vw, 500px\" \/>\t\t\t\t\t\t\t\t\t<\/span>\n\t\t\t\t\t\t\t\t\t\t\t\t\t<span class=\"qodef-e-hover-logo\">\n\t\t\t\t\t\t\t\t\t\t\t<img loading=\"lazy\" decoding=\"async\" width=\"500\" height=\"500\" src=\"https:\/\/challenge-delhalle.be\/wp-content\/uploads\/2023\/05\/406027903_839180958208687_452105863989825143_n-1.jpg\" class=\"attachment-full size-full\" alt=\"\" srcset=\"https:\/\/challenge-delhalle.be\/wp-content\/uploads\/2023\/05\/406027903_839180958208687_452105863989825143_n-1.jpg 500w, https:\/\/challenge-delhalle.be\/wp-content\/uploads\/2023\/05\/406027903_839180958208687_452105863989825143_n-1-300x300.jpg 300w, https:\/\/challenge-delhalle.be\/wp-content\/uploads\/2023\/05\/406027903_839180958208687_452105863989825143_n-1-150x150.jpg 150w\" sizes=\"(max-width: 500px) 100vw, 500px\" \/>\t\t\t\t\t\t\t\t\t<\/span>\n\t\t\t\t\t\t\t\t\t\t\t<\/a>\n\t\t\t<\/span>\n\t<\/span>\n<\/span>\n<span class=\"qodef-e qodef-grid-item\" >\n\t<span class=\"qodef-e-inner\">\n\t\t\t<span class=\"qodef-e-image\">\n\t\t\t\t\t<a itemprop=\"url\" href=\"#\" target=\"_blank\">\n\t\t\t\t\t\t\t\t\t\t\t<span class=\"qodef-e-logo\">\n\t\t\t\t\t\t\t\t\t\t\t<img loading=\"lazy\" decoding=\"async\" width=\"500\" height=\"500\" src=\"https:\/\/challenge-delhalle.be\/wp-content\/uploads\/2023\/05\/opticienlaurent1.png\" class=\"attachment-full size-full\" alt=\"\" srcset=\"https:\/\/challenge-delhalle.be\/wp-content\/uploads\/2023\/05\/opticienlaurent1.png 500w, https:\/\/challenge-delhalle.be\/wp-content\/uploads\/2023\/05\/opticienlaurent1-300x300.png 300w, https:\/\/challenge-delhalle.be\/wp-content\/uploads\/2023\/05\/opticienlaurent1-150x150.png 150w\" sizes=\"(max-width: 500px) 100vw, 500px\" \/>\t\t\t\t\t\t\t\t\t<\/span>\n\t\t\t\t\t\t\t\t\t\t\t\t\t<span class=\"qodef-e-hover-logo\">\n\t\t\t\t\t\t\t\t\t\t\t<img loading=\"lazy\" decoding=\"async\" width=\"500\" height=\"500\" src=\"https:\/\/challenge-delhalle.be\/wp-content\/uploads\/2023\/05\/opticienlaurent1.png\" class=\"attachment-full size-full\" alt=\"\" srcset=\"https:\/\/challenge-delhalle.be\/wp-content\/uploads\/2023\/05\/opticienlaurent1.png 500w, https:\/\/challenge-delhalle.be\/wp-content\/uploads\/2023\/05\/opticienlaurent1-300x300.png 300w, https:\/\/challenge-delhalle.be\/wp-content\/uploads\/2023\/05\/opticienlaurent1-150x150.png 150w\" sizes=\"(max-width: 500px) 100vw, 500px\" \/>\t\t\t\t\t\t\t\t\t<\/span>\n\t\t\t\t\t\t\t\t\t\t\t<\/a>\n\t\t\t<\/span>\n\t<\/span>\n<\/span>\n<span class=\"qodef-e qodef-grid-item\" >\n\t<span class=\"qodef-e-inner\">\n\t\t\t<span class=\"qodef-e-image\">\n\t\t\t\t\t<a itemprop=\"url\" href=\"#\" target=\"_blank\">\n\t\t\t\t\t\t\t\t\t\t\t<span class=\"qodef-e-logo\">\n\t\t\t\t\t\t\t\t\t\t\t<img loading=\"lazy\" decoding=\"async\" width=\"500\" height=\"500\" src=\"https:\/\/challenge-delhalle.be\/wp-content\/uploads\/2023\/05\/logo.jpg\" class=\"attachment-full size-full\" alt=\"\" srcset=\"https:\/\/challenge-delhalle.be\/wp-content\/uploads\/2023\/05\/logo.jpg 500w, https:\/\/challenge-delhalle.be\/wp-content\/uploads\/2023\/05\/logo-300x300.jpg 300w, https:\/\/challenge-delhalle.be\/wp-content\/uploads\/2023\/05\/logo-150x150.jpg 150w\" sizes=\"(max-width: 500px) 100vw, 500px\" \/>\t\t\t\t\t\t\t\t\t<\/span>\n\t\t\t\t\t\t\t\t\t\t\t\t\t<span class=\"qodef-e-hover-logo\">\n\t\t\t\t\t\t\t\t\t\t\t<img loading=\"lazy\" decoding=\"async\" width=\"500\" height=\"500\" src=\"https:\/\/challenge-delhalle.be\/wp-content\/uploads\/2023\/05\/logo.jpg\" class=\"attachment-full size-full\" alt=\"\" srcset=\"https:\/\/challenge-delhalle.be\/wp-content\/uploads\/2023\/05\/logo.jpg 500w, https:\/\/challenge-delhalle.be\/wp-content\/uploads\/2023\/05\/logo-300x300.jpg 300w, https:\/\/challenge-delhalle.be\/wp-content\/uploads\/2023\/05\/logo-150x150.jpg 150w\" sizes=\"(max-width: 500px) 100vw, 500px\" \/>\t\t\t\t\t\t\t\t\t<\/span>\n\t\t\t\t\t\t\t\t\t\t\t<\/a>\n\t\t\t<\/span>\n\t<\/span>\n<\/span>\n<span class=\"qodef-e qodef-grid-item\" >\n\t<span class=\"qodef-e-inner\">\n\t\t\t<span class=\"qodef-e-image\">\n\t\t\t\t\t<a itemprop=\"url\" href=\"#\" target=\"_blank\">\n\t\t\t\t\t\t\t\t\t\t\t<span class=\"qodef-e-logo\">\n\t\t\t\t\t\t\t\t\t\t\t<img loading=\"lazy\" decoding=\"async\" width=\"500\" height=\"500\" src=\"https:\/\/challenge-delhalle.be\/wp-content\/uploads\/2023\/05\/a454ec_6e889f71a63448eca3e2e842730ba4a9.jpg\" class=\"attachment-full size-full\" alt=\"\" srcset=\"https:\/\/challenge-delhalle.be\/wp-content\/uploads\/2023\/05\/a454ec_6e889f71a63448eca3e2e842730ba4a9.jpg 500w, https:\/\/challenge-delhalle.be\/wp-content\/uploads\/2023\/05\/a454ec_6e889f71a63448eca3e2e842730ba4a9-300x300.jpg 300w, https:\/\/challenge-delhalle.be\/wp-content\/uploads\/2023\/05\/a454ec_6e889f71a63448eca3e2e842730ba4a9-150x150.jpg 150w\" sizes=\"(max-width: 500px) 100vw, 500px\" \/>\t\t\t\t\t\t\t\t\t<\/span>\n\t\t\t\t\t\t\t\t\t\t\t\t\t<span class=\"qodef-e-hover-logo\">\n\t\t\t\t\t\t\t\t\t\t\t<img loading=\"lazy\" decoding=\"async\" width=\"500\" height=\"500\" src=\"https:\/\/challenge-delhalle.be\/wp-content\/uploads\/2023\/05\/a454ec_6e889f71a63448eca3e2e842730ba4a9.jpg\" class=\"attachment-full size-full\" alt=\"\" srcset=\"https:\/\/challenge-delhalle.be\/wp-content\/uploads\/2023\/05\/a454ec_6e889f71a63448eca3e2e842730ba4a9.jpg 500w, https:\/\/challenge-delhalle.be\/wp-content\/uploads\/2023\/05\/a454ec_6e889f71a63448eca3e2e842730ba4a9-300x300.jpg 300w, https:\/\/challenge-delhalle.be\/wp-content\/uploads\/2023\/05\/a454ec_6e889f71a63448eca3e2e842730ba4a9-150x150.jpg 150w\" sizes=\"(max-width: 500px) 100vw, 500px\" \/>\t\t\t\t\t\t\t\t\t<\/span>\n\t\t\t\t\t\t\t\t\t\t\t<\/a>\n\t\t\t<\/span>\n\t<\/span>\n<\/span>\n\t<\/div>\n<\/div>\n\t\t\t\t<\/div>\n\t\t\t\t<\/div>\n\t\t\t\t<\/div>\n\t\t\t\t<\/div>\n\t\t","protected":false},"excerpt":{"rendered":"<p>4 Jan #Delhalle 1\/14 : Tour des Clochers \u00e0 Membach #Aux confins du Pays de Herve et aux Portes des Fagnes \ud83c\udf3f\ud83c\udf3f #5\ufe0f\u20e3e \u00e9dition #Dimanche2\ufe0f\u20e35\ufe0f\u20e3 janvier #Au choix : le Tour des Clochers de Lire la suite 31 D\u00e9c in Case of Emergency : run wild, stay safe Une derni\u00e8re nouveaut\u00e9 2026 \u00e0 vous annoncer [&hellip;]<\/p>\n","protected":false},"author":1,"featured_media":0,"parent":0,"menu_order":0,"comment_status":"closed","ping_status":"closed","template":"page-full-width.php","meta":{"footnotes":""},"class_list":["post-391","page","type-page","status-publish","hentry"],"_links":{"self":[{"href":"https:\/\/challenge-delhalle.be\/index.php\/wp-json\/wp\/v2\/pages\/391","targetHints":{"allow":["GET"]}}],"collection":[{"href":"https:\/\/challenge-delhalle.be\/index.php\/wp-json\/wp\/v2\/pages"}],"about":[{"href":"https:\/\/challenge-delhalle.be\/index.php\/wp-json\/wp\/v2\/types\/page"}],"author":[{"embeddable":true,"href":"https:\/\/challenge-delhalle.be\/index.php\/wp-json\/wp\/v2\/users\/1"}],"replies":[{"embeddable":true,"href":"https:\/\/challenge-delhalle.be\/index.php\/wp-json\/wp\/v2\/comments?post=391"}],"version-history":[{"count":94,"href":"https:\/\/challenge-delhalle.be\/index.php\/wp-json\/wp\/v2\/pages\/391\/revisions"}],"predecessor-version":[{"id":9387,"href":"https:\/\/challenge-delhalle.be\/index.php\/wp-json\/wp\/v2\/pages\/391\/revisions\/9387"}],"wp:attachment":[{"href":"https:\/\/challenge-delhalle.be\/index.php\/wp-json\/wp\/v2\/media?parent=391"}],"curies":[{"name":"wp","href":"https:\/\/api.w.org\/{rel}","templated":true}]}}